 the thousands digit of 2626294706?
4
What is the thousands digit of 787601751?
1
What is the ten millions digit of 15740541?
1
What is the millions digit of 4925220607?
5
What is the tens digit of 880277100?
0
What is the hundred thousands digit of 444808062?
8
What is the hundreds digit of 368625161?
1
What is the units digit of 582963110?
0
What is the ten thousands digit of 60220397?
2
What is the hundred thousands digit of 215472507?
4
What is the thousands digit of 145506102?
6
What is the ten thousands digit of 1805052281?
5
What is the ten millions digit of 653830877?
5
What is the millions digit of 382555972?
2
What is the ten millions digit of 1050888317?
5
What is the thousands digit of 633174829?
4
What is the thousands digit of 324312461?
2
What is the ten millions digit of 37827598?
3
What is the hundred thousands digit of 7229732427?
7
What is the hundred millions digit of 789563371?
7
What is the tens digit of 7851883?
8
What is the tens digit of 8451095235?
3
What is the tens digit of 33210486?
8
What is the hundred millions digit of 807402990?
8
What is the billions digit of 1461053853?
1
What is the millions digit of 22674187?
2
What is the ten thousands digit of 24062?
2
What is the millions digit of 235487530?
5
What is the billions digit of 1189849980?
1
What is the billions digit of 2357880691?
2
What is the hundreds digit of 32362459?
4
What is the millions digit of 34649211?
4
What is the thousands digit of 5669619226?
9
What is the ten millions digit of 195893830?
9
What is the billions digit of 3771311522?
3
What is the units digit of 281032605?
5
What is the ten millions digit of 123439844?
2
What is the thousands digit of 1495287362?
7
What is the hundreds digit of 415024898?
8
What is the thousands digit of 51046606?
6
What is the ten millions digit of 54772483?
5
What is the hundreds digit of 1680501589?
5
What is the tens digit of 5538689299?
9
What is the thousands digit of 42051090?
1
What is the ten millions digit of 3203428925?
0
What is the units digit of 3398046712?
2
What is the hundred thousands digit of 53142108?
1
What is the ten millions digit of 483997389?
8
What is the units digit of 438137196?
6
What is the units digit of 64102033?
3
What is the hundred thousands digit of 288921798?
9
What is the ten millions digit of 266450204?
6
What is the billions digit of 3098588483?
3
What is the millions digit of 841756571?
1
What is the thousands digit of 110488682?
8
What is the hundreds digit of 987939622?
6
What is the tens digit of 195860498?
9
What is the hundreds digit of 1451418187?
1
What is the billions digit of 1479947625?
1
What is the tens digit of 44042849?
4
What is the millions digit of 291592310?
1
What is the units digit of 159092802?
2
What is the hundreds digit of 71864236?
2
What is the units digit of 8659568?
8
What is the hundred millions digit of 1827264262?
8
What is the ten thousands digit of 44016320?
1
What is the units digit of 78860723?
3
What is the tens digit of 296229697?
9
What is the hundreds digit of 48430443?
4
What is the millions digit of 768831324?
8
What is the hundred millions digit of 477385307?
4
What is the hundreds digit of 25673347?
3
What is the hundred thousands digit of 16194965?
1
What is the ten millions digit of 529897546?
2
What is the hundred millions digit of 324258615?
3
What is the ten millions digit of 462844573?
6
What is the millions digit of 210533483?
0
What is the hundred millions digit of 400800356?
4
What is the thousands digit of 735936643?
6
What is the units digit of 757690957?
7
What is the ten thousands digit of 613869947?
6
What is the ten millions digit of 35501708?
3
What is the hundreds digit of 9884794?
7
What is the tens digit of 57191707?
0
What is the ten millions digit of 68444473?
6
What is the hundred thousands digit of 65746102?
7
What is the ten millions digit of 655096235?
5
What is the hundreds digit of 1553281140?
1
What is the tens digit of 26137112?
1
What is the units digit of 100610599?
9
What is the hundred millions digit of 169060709?
1
What is the ten millions digit of 1345404218?
4
What is the ten thousands digit of 121432775?
3
What is the ten thousands digit of 11438598?
3
What is the ten millions digit of 19105828?
1
What is the units digit of 2041786483?
3
What is the hundred thousands digit of 825314288?
3
What is the ten millions digit of 1208318448?
0
What is the hundred thousands digit of 118340328?
3
What is the hundreds digit of 9179929?
9
What is the ten thousands digit of 2414674256?
7
What is the hundred thousands digit of 603558873?
5
What is the tens digit of 6276363001?
0
What is the tens digit of 184943949?
4
What is the hundreds digit of 141288296?
2
What is the ten millions digit of 1699745037?
9
What is the hundred thousands digit of 253488689?
4
What is the billions digit of 1511492090?
1
What is the tens digit of 758018778?
7
What is the thousands digit of 3768648?
8
What is the units digit of 31368150?
0
What is the thousands digit of 188510751?
0
What is the thousands digit of 3179783999?
3
What is the hundred millions digit of 1177491796?
1
What is the ten thousands digit of 548351520?
5
What is the billions digit of 1048656476?
1
What is the hundred millions digit of 122755941?
1
What is the hundred thousands digit of 1404115149?
1
What is the hundred thousands digit of 164424636?
4
What is the hundred thousands digit of 29037044?
0
What is the tens digit of 228681309?
0
What is the hundred thousands digit of 962825603?
8
What is the hundreds digit of 312291345?
3
What is the thousands digit of 36433533?
3
What is the hundreds digit of 9592953?
9
What is the tens digit of 1524976996?
9
What is the thousands digit of 81546235?
6
What is the hundred thousands digit of 3426811701?
8
What is the hundred thousands digit of 134314107?
3
What is the millions digit of 665031017?
5
What is the units digit of 2636917649?
9
What is the ten thousands digit of 40387148?
8
What is the tens digit of 86206950?
5
What is the hundred millions digit of 149045200?
1
What is the hundred thousands digit of 276694132?
6
What is the thousands digit of 1430846734?
6
What is the millions digit of 46547358?
6
What is the thousands digit of 1318128021?
8
What is the ten thousands digit of 176055380?
5
What is the millions digit of 89465543?
9
What is the thousands digit of 616479029?
9
What is the millions digit of 2500090157?
0
What is the hundreds digit of 1481206680?
6
What is the millions digit of 35954046?
5
What is the units digit of 2136137204?
4
What is the ten millions digit of 141158617?
4
What is the hundred millions digit of 815195767?
8
What is the hundred millions digit of 285321497?
2
What is the hundreds digit of 3882910930?
9
What is the tens digit of 246286052?
5
What is the units digit of 113533106?
6
What is the ten millions digit of 338543959?
3
What is the hundred millions digit of 454429039?
4
What is the thousands digit of 855316557?
6
What is the hundred thousands digit of 4081785290?
7
What is the hundreds digit of 961980291?
2
What is the thousands digit of 109181979?
1
What is the units digit of 327013124?
4
What is the thousands digit of 129577610?
7
What is the tens digit of 2123923063?
6
What is the ten thousands digit of 1079121370?
2
What is the ten thousands digit of 3234030819?
3
What is the units digit of 74098222?
2
What is the units digit of 646846310?
0
What is the tens digit of 280946522?
2
What is the ten thousands digit of 19024288?
2
What is the hundred thousands digit of 108425052?
4
What is the hundreds digit of 190181747?
7
What is the hundred millions digit of 141612688?
1
What is the billions digit of 2212515339?
2
What is the millions digit of 267459708?
7
What is the thousands digit of 368293167?
3
What is the tens digit of 272285610?
1
What is the hundred millions digit of 205319578?
2
What is the millions digit of 226882485?
6
What is the ten millions digit of 22729678?
2
What is the thousands digit of 128082441?
2
What is the thousands digit of 26447166?
7
What is the thousands digit of 2787100727?
0
What is the tens digit of 1182632579?
7
What is the hundred millions digit of 1687964813?
6
What is the millions digit of 63454239?
3
What is the millions digit o